{"id":2,"date":"2024-10-10T20:46:41","date_gmt":"2024-10-10T18:46:41","guid":{"rendered":"https:\/\/fashion-day-bamberg.de\/?page_id=2"},"modified":"2025-04-30T22:01:03","modified_gmt":"2025-04-30T20:01:03","slug":"beispiel-seite","status":"publish","type":"page","link":"https:\/\/fashion-day-bamberg.de\/","title":{"rendered":"Bamberg Fashion Day"},"content":{"rendered":"\n<figure class=\"wp-block-image size-large\"><img loading=\"lazy\" decoding=\"async\" width=\"819\" height=\"1024\" src=\"https:\/\/fashion-day-bamberg.de\/wp-content\/uploads\/2025\/04\/fashionday2_info-819x1024.jpg\" alt=\"\" class=\"wp-image-52\" srcset=\"https:\/\/fashion-day-bamberg.de\/wp-content\/uploads\/2025\/04\/fashionday2_info-819x1024.jpg 819w, https:\/\/fashion-day-bamberg.de\/wp-content\/uploads\/2025\/04\/fashionday2_info-240x300.jpg 240w, https:\/\/fashion-day-bamberg.de\/wp-content\/uploads\/2025\/04\/fashionday2_info-768x960.jpg 768w, https:\/\/fashion-day-bamberg.de\/wp-content\/uploads\/2025\/04\/fashionday2_info.jpg 1080w\" sizes=\"auto, (max-width: 819px) 100vw, 819px\" \/><\/figure>\n\n\n\n<p><\/p>\n\n\n\n<p>Der n\u00e4chste Bamberg Fashion Day findet am 18. Mai 2025 statt!<\/p>\n\n\n\n<p>Mit dabei sind wir \u2013 <a href=\"https:\/\/www.instagram.com\/mariasagnacouture\/\" target=\"_blank\" rel=\"noreferrer noopener\">Maria Sagna<\/a> und <a href=\"https:\/\/peter.studio\" target=\"_blank\" rel=\"noreferrer noopener\">Peter Fankh\u00e4nel<\/a>, zwei Bamberger<br>Modedesigner*innen, <a href=\"https:\/\/haertl.com\" target=\"_blank\" rel=\"noreferrer noopener\">Friedemann Haertl<\/a> ein Bamberger Gold- und Silberschmied sowie <a href=\"https:\/\/nora-gomringer.de\" target=\"_blank\" rel=\"noreferrer noopener\">Nora Gomringer<\/a> eine Lyrikerin, Rezitatorin und Leiterin des Internationalen K\u00fcnstlerhaus Villa Concordia. Und unser Anspruch sowohl im Design als auch im Handwerk \u201ecouture extraordinaire\u201c zu kreieren, ist in jedem Kleidungs- und Schmuckst\u00fcck zu sp\u00fcren, \u00fcberzeugt euch selbst!<\/p>\n\n\n\n<p>Maria Sagna Couture steht f\u00fcr elegante, feminine und zeitlose Designs, die<br>durch auff\u00e4llige Details und lebendige Farben Frauen zum Strahlen bringen und gute Laune verbreiten. Aber auch Jungs kommen nicht zu kurz\u2026<\/p>\n\n\n\n<p>Peter Fankh\u00e4nel zeigt fantastische Mode f\u00fcr Venus und Mars jenseits der <br>Milchstra\u00dfe. Space is the place\u2026<\/p>\n\n\n\n<p>Friedemann Haertl perfektioniert Outfits mit au\u00dfergew\u00f6hnlichem Schmuck.<\/p>\n\n\n\n<p>Nora Gomringer pr\u00e4sentiert live auf der B\u00fchne ihren Gedichtband &#8222;Moden&#8220; mit Illustrationen von Reimar Limmer.<\/p>\n\n\n\n<p>Das <a href=\"https:\/\/www.lichtspielkino.de\">Odeon-Kino<\/a> haben wir als stylischen Rahmen f\u00fcr unsere Matin\u00e9e extraordinaire auserkoren:<br>Extravagante Mode, charmante Fashion-Kurzfilme und au\u00dfergew\u00f6hnliche Models auf dem Catwalk in Hof und Foyer des Kinos werden das Odeon f\u00fcr einen Tag in einen Modetempel verwandeln. Auf Leinwand und B\u00fchne werden Kurzfilme gezeigt und inspirierende Poesie vorgetragen.<\/p>\n\n\n\n<p>\u00dcbrigens, in der Mai-Ausgabe der <a href=\"https:\/\/www.fn-magazin.de\/magazin\/bamberg-news\/bamberg-fuer-einen-tag-nabel-der-modewelt-2-fashion-day-am-18-mai-im-odeon-kino\/\" target=\"_blank\" rel=\"noreferrer noopener\">Fr\u00e4nkischen Nacht<\/a> gibt es ein ausf\u00fchrliches Interview mit Maria und Peter.<\/p>\n\n\n\n<p>Einlass: 10:30 Uhr \u2013 Showbeginn: 11:00 Uhr \u2013 Eintritt frei<\/p>\n\n\n\n<p>Wir rollen den roten Teppich f\u00fcr euch aus \u2013 you are welcome!<\/p>\n","protected":false},"excerpt":{"rendered":"<p>Der n\u00e4chste Bamberg Fashion Day findet am 18. Mai 2025 statt! Mit dabei sind wir \u2013 Maria Sagna und Peter Fankh\u00e4nel, zwei BambergerModedesigner*innen, Friedemann Haertl ein Bamberger Gold- und Silberschmied sowie Nora Gomringer eine Lyrikerin, Rezitatorin und Leiterin des Internationalen K\u00fcnstlerhaus Villa Concordia. Und unser Anspruch sowohl im Design als auch im Handwerk \u201ecouture extraordinaire\u201c [&hellip;]<\/p>\n","protected":false},"author":1,"featured_media":0,"parent":0,"menu_order":0,"comment_status":"closed","ping_status":"open","template":"","meta":{"footnotes":""},"class_list":["post-2","page","type-page","status-publish","hentry"],"_links":{"self":[{"href":"https:\/\/fashion-day-bamberg.de\/index.php\/wp-json\/wp\/v2\/pages\/2","targetHints":{"allow":["GET"]}}],"collection":[{"href":"https:\/\/fashion-day-bamberg.de\/index.php\/wp-json\/wp\/v2\/pages"}],"about":[{"href":"https:\/\/fashion-day-bamberg.de\/index.php\/wp-json\/wp\/v2\/types\/page"}],"author":[{"embeddable":true,"href":"https:\/\/fashion-day-bamberg.de\/index.php\/wp-json\/wp\/v2\/users\/1"}],"replies":[{"embeddable":true,"href":"https:\/\/fashion-day-bamberg.de\/index.php\/wp-json\/wp\/v2\/comments?post=2"}],"version-history":[{"count":14,"href":"https:\/\/fashion-day-bamberg.de\/index.php\/wp-json\/wp\/v2\/pages\/2\/revisions"}],"predecessor-version":[{"id":70,"href":"https:\/\/fashion-day-bamberg.de\/index.php\/wp-json\/wp\/v2\/pages\/2\/revisions\/70"}],"wp:attachment":[{"href":"https:\/\/fashion-day-bamberg.de\/index.php\/wp-json\/wp\/v2\/media?parent=2"}],"curies":[{"name":"wp","href":"https:\/\/api.w.org\/{rel}","templated":true}]}}